t = b + 6. List the prime factors of 37/((-3 - 0) + t).
37
Let k(j) = j - 1. Let a(n) = -3*n - 1. Let v(o) = a(o) + 6*k(o). What are the prime factors of v(6)?
11
Let c be ((2 + -3 + 1)/(-2))/1. Suppose -9 = -m + 3*y + 6, c = 5*m + 4*y - 18. What are the prime factors of m?
2, 3
Let o(s) = 3*s**3 - 5*s**2 - s + 12. Let z be o(5). Suppose l + d - 87 = 0, 3*l = d - 3*d + z. What are the prime factors of l?
83
Let y = -7 - -10. Let c be -1*(42 + y + 0). What are the prime factors of (-27)/c - 92/(-5)?
19
Let v(j) = 2 - 3*j**3 - j**2 - 3 - 2*j + 11*j**3. Let a be v(-1). Let x = a + 10. What are the prime factors of x?
2
Let n = -119 + 123. Suppose -2*t - 41 + 764 = 5*x, -t = -n*x + 581. List the prime factors of x.
5, 29
Suppose -u + 2*j + 35 = 0, 5*u - 5*j = -0*j + 175. Let n = 320 + -326. What are the prime factors of n/21 - (-605)/u?
17
Suppose -2*b - 3*b + 33 = -f, 0 = -b + 2*f + 12. Suppose -14 = 4*v - b. Let k(q) = q**2 - q - 2. What are the prime factors of k(v)?
2
List the prime factors of (-6280)/(-6) - (-76)/57.
2, 131
Suppose 3*k = -3*y + 90, k - 3*y + y = 24. What are the prime factors of 360/k*28/3?
2, 3, 5
Let k = 71 - 66. Suppose 10*g - 295 = k*g. What are the prime factors of g?
59
What are the prime factors of -2 - ((-10)/65 - 29556/39)?
2, 3, 7
Let d(h) = 35*h**3 + h**2 - 10*h + 16. What are the prime factors of d(2)?
2, 5, 7
Suppose d + 3*a - 1294 = 0, 3*d + 3*a + 1647 - 5517 = 0. List the prime factors of d.
2, 7, 23
Suppose -6*p - 3 = -111. Let b = 2 - 5. What are the prime factors of (-20)/b*p/15?
2
Let v(d) = d**3 + 16*d**2 + 27*d - 5. Let r be v(-14). Let b(a) = a**2 - 9*a + 20. List the prime factors of b(r).
2, 5
Suppose -48*c - 14*c + 209498 = 0. What are the prime factors of c?
31, 109
Let y = 464 + 81. List the prime factors of y.
5, 109
Suppose 2*b - 4*n + 3*n = 1935, -2*b = 5*n - 1929. List the prime factors of b.
967
Let u(h) = 6*h + 31. What are the prime factors of u(12)?
103
Let d be -2 + ((-4)/30 - (-62)/15). Suppose -355 = -2*t + g, 4*t - 715 = d*g + g. What are the prime factors of t?
5, 7
What are the prime factors of (-14)/(-2) - (-641 - 14)?
2, 331
Let d(n) = -n**3 - 18*n**2 - 6*n + 11. List the prime factors of d(-19).
2, 3
What are the prime factors of 682 + 12*(6 + 138/(-24))?
5, 137
Let u(k) = 167*k**2 - 1. Let f(w) = w**3 + 4*w**2 + 6*w + 10. Let z be f(-3). What are the prime factors of u(z)?
2, 83
Suppose 32*k = -53*k + 153170. List the prime factors of k.
2, 17, 53
Suppose 2*k - 46 = 38. Let y = 60 - k. What are the prime factors of y?
2, 3
Suppose -h + 23 - 4 = 0. Suppose g = 3*w + h, -w - 3*g = 16 + 7. Let j = 15 + w. What are the prime factors of j?
7
Let c(z) = -z**2 + 8*z - 9. Let l be c(6). Suppose u = l*u + 4220. What are the prime factors of (-4)/30 - u/75?
2, 7
Suppose -2*l = -q - 20, -5*l = 2*q - l + 80. Let g(u) = -u**3 - 5*u**2 - u + 5. Let z be g(-6). Let s = z + q. List the prime factors of s.
17
Let a = 364 + 1560. What are the prime factors of a?
2, 13, 37
Let i be 2 + -3 + 0 - -7. Let x(o) = -o + 13. Let f(c) = 2*c - 26. Let v(y) = 6*f(y) + 13*x(y). List the prime factors of v(i).
7
Let z = -3157 - 1442. What are the prime factors of z/(-15) + (-12)/20?
2, 3, 17
Let i = -1346 - -4322. What are the prime factors of i?
2, 3, 31
Let o(d) = 2*d**3 + 10*d**2 - 58*d + 20. What are the prime factors of o(12)?
2, 5, 211
Let j = 25 - 55. What are the prime factors of j/8*(-168)/9?
2, 5, 7
Let g = -80 - -138. Suppose 0 = 25*x - 19*x - 48. Suppose -x*r + g = -7*r. List the prime factors of r.
2, 29
Let n = -18 + 16. Let o be n/8 + 9/4. What are the prime factors of (26/o)/((-1)/(-2))?
2, 13
Suppose r + r = o + 8, -2*r = 4*o + 42. Let j be o*(28/8)/7. Let y = j + 37. What are the prime factors of y?
2
Let r be 32 - (10/5 + 0). Let d = 17 + r. What are the prime factors of d?
47
Let z(q) = q - 3 - 2*q**2 + 10*q**3 - 9*q**3 - 4*q**2. Let j be z(5). List the prime factors of -3 - (j + 3 + 0).
17
Let t = -68 - -45. What are the prime factors of 3 - 4 - 1 - t?
3, 7
Let z(s) = 253*s + 22. List the prime factors of z(2).
2, 3, 11
Suppose -181 = 6*s - 265. Let z(h) be the first derivative of h**2 + 10*h - 1. What are the prime factors of z(s)?
2, 19
Let c(j) = -j + 20. Let z be c(7). Suppose 22 - z = m. What are the prime factors of m?
3
Let u(p) = -p**2 - 10*p - 7. Let g be u(-7). Let h be 9/(-12) - (-22)/8. Suppose g - 62 = -h*v. List the prime factors of v.
2, 3
Suppose 0 = 3*c - c + 4*z - 2, -c = z. Let t be (-2)/(2/(-5)) + c. Suppose -o + 2*o - t = 0, 5*o = -5*h + 95. What are the prime factors of h?
3, 5
Let d = -36 - -604. What are the prime factors of d?
2, 71
Let u = -241 - -1059. List the prime factors of u.
2, 409
Let l = 34 + -26. List the prime factors of (l/(-5))/((-14)/385).
2, 11
Let o(t) = -267*t**3 + t**2 + 6*t + 2. List the prime factors of o(-2).
2, 3, 5, 71
Suppose -3*f + 405 = -60. Suppose f - 52 = j. List the prime factors of j.
103
Let g be (18/(-1) - 1) + -2. Let x be 2/(-6)*22*(-3)/2. Let u = x - g. List the prime factors of u.
2
Let y(v) = -11*v + 13. Let s(z) = -5*z + 6. Let w(j) = -7*s(j) + 3*y(j). Let p be w(4). Suppose 4*d - 15 = p. List the prime factors of d.
5
Let g = 918 + -294. List the prime factors of g.
2, 3, 13
Let a(h) be the second derivative of h**3/6 - 5*h**2/2 - 3*h. Let l be a(9). Suppose -2*u + n = 2*u - 133, 3*u - 103 = l*n. List the prime factors of u.
3, 11
Suppose 26 = -8*p + 9*p - 2*b, 0 = 3*p + 3*b - 114. Suppose 4*k = -2*m + 20, -3*k + 50 = 4*m - 5*k. Let j = p + m. What are the prime factors of j?
2, 23
Suppose 233 + 45 = 2*d. What are the prime factors of d?
139
Suppose -305*u + 126480 = -271*u. List the prime factors of u.
2, 3, 5, 31
Let a = -4 - -6. Suppose -a*l = -4*l + 186. Suppose x = 4*x - l. List the prime factors of x.
31
Let k be (-3 + 2 - -2) + 2. Suppose -z + 2*m + 4 = 0, k*m = 3*z + 5*m + 12. Let h(l) = -2*l**3 + l**2. List the prime factors of h(z).
2, 5
Let v = -2870 + 4450. What are the prime factors of v?
2, 5, 79
Suppose -v - 9 - 6 = 0. Let u = -14 - v. What are the prime factors of (0 - u)/(2/(-54))?
3
Suppose 0 = 6*w - 9*w + 15. Suppose 7*a - 10*a + 218 = w*m, -5*m + 238 = -2*a. What are the prime factors of m?
2, 23
Suppose 0 = 4*o + 236 - 1364. What are the prime factors of o?
2, 3, 47
Suppose 10*m - m + 1251 = 0. List the prime factors of 13/(78/12) - (m - -1).
2, 5, 7
Suppose 0 = 4*w - 2*j + 28, 0 = w - 4*j - 6 + 20. Let a be -1*(17 + (0 - 0)). Let o = w - a. List the prime factors of o.
11
Let l(s) = -5*s - 23. Let j(t) = 4*t + 22. Let p(d) = -7*j(d) - 6*l(d). Let z be p(7). Let k = 17 + z. List the prime factors of k.
3, 5
Suppose 25*g + 10206 = 43*g. List the prime factors of g.
3, 7
Suppose 0*a + 296 = 4*a. What are the prime factors of a?
2, 37
Let f(y) = -y**2 - y. Let a(j) = 3*j**2 - 6*j + 5. Let n(d) = a(d) + 2*f(d). Let u be n(9). Suppose -h + 10 = -u. List the prime factors of h.
2, 3
List the prime factors of (3*(-12)/54)/((-4)/6906).
1151
What are the prime factors of ((-1222)/104)/(3/(-264)*2)?
11, 47
Let j(u) = 2*u**2 - 3*u + 2. Let f = -4 - -7. Let r = f + -1. What are the prime factors of j(r)?
2
List the prime factors of -4 + (18 - (1 + -5)).
2, 3
Let h(m) = m**2 + 2. Let u be h(2). Suppose 2*a - 32 = u*a. List the prime factors of (-171)/(-15) - a/(-20).
11
Suppose -8 = -4*j - 2*m, 5*j - 16 = -2*m - 5. Suppose -5*q + 232 = 2*c - 3*q, j*c - 332 = q. What are the prime factors of c?
2, 7
Let c = -4 + -20. Let t = c + 46. What are the prime factors of t?
2, 11
Let c(r) = -r**3 + 13*r**2 - 13*r + 11. Let w = -114 + 122. What are the prime factors of c(w)?
227
List the prime factors of (129/(-30))/(-43) - (-2318)/20.
2, 29
Let o(m) = -7*m**3 - 2*m**2 + 5*m + 7. Let i be o(-2). List the prime factors of i + (-2 - 20/(-5)).
47
Let p = 1236 + -516. Suppose 0 = -5*w + 5*q - q + p, 5*w = -5*q + 675. What are the prime factors of w?
2, 5, 7
Let n = 4622 - 2700. List the prime factors of n.
2, 31
Suppose 3*f = -2*s + 8898 - 2340, -2186 = -f - 2*s. What are the prime factors of f?
2, 1093
Let j = 34 + -31. Suppose -a + j*p + 12 = 0, a + 1 = -4*p - 1. What are the prime factors of a?
2, 3
Suppose -970 = -5*s - 3*a, -4*s + 2*a = -345 - 431. Suppose -3*p + s = -124. List the prime factors of p.
2, 53
Let r = 162 + 22